n = -6*n + 2. Let t(g) = g**3 - g**2. Let q be t(n). What is the highest common factor of r and q?
4
Let p(r) = 12*r**2 + 7*r - 14. Let q be p(2). What is the greatest common factor of 32 and q?
16
Let a = -5 - -2. Let o be 4/10 - a/5. Suppose -20*t + 101 = 1. What is the highest common divisor of o and t?
1
Suppose 5*u + 121 - 76 = y, 225 = 5*y + 4*u. Calculate the greatest common divisor of y and 72.
9
Suppose -4*p + 9*p = 605. Let z(f) = f**2 + 5*f + 11. Let i be z(-5). What is the highest common factor of i and p?
11
Let r(s) = 2*s**2 + 12*s + 208. Let p be r(-22). Calculate the greatest common divisor of p and 19.
19
Let f = 126 - 119. Suppose -5*u = -57 + f. Calculate the greatest common divisor of 6 and u.
2
Suppose -4*v = j - 1 - 27, 5*v = -2*j + 41. Suppose 8 = 2*m - 0*m. What is the greatest common divisor of m and j?
4
Let w(v) = 7*v**2 + 2*v - 3. Let y be w(-3). Let i(h) = -2*h**2 - 6*h + 2. Let p be i(-1). Calculate the highest common factor of p and y.
6
Let t(x) = -23*x + 48. Let p be t(2). Let m be (-2)/(-1) - (-11 - 1). What is the highest common divisor of m and p?
2
Suppose 0*o + c = 2*o - 283, -268 = -2*o - 4*c. Let l = o + -111. Calculate the highest common factor of 203 and l.
29
Suppose 11 = w - x - 7, -2*x - 20 = -w. Calculate the highest common divisor of 12 and w.
4
Let g be 502/8 + (-15)/(-60). What is the highest common factor of g and 27?
9
Let z be 796/12 + (-3)/(-9)*-1. Suppose 7*d - z = 67. Calculate the greatest common divisor of d and 152.
19
Suppose 0*b - 36 = -4*b. Let r(k) = -k**2 + 9. Suppose 0 = 3*s - s, 0 = 2*w + 4*s. Let a be r(w). What is the greatest common factor of b and a?
9
Suppose 0 = -2*l + 3*l + 36. Let y = -21 - l. What is the highest common divisor of 135 and y?
15
Let g(z) = z**2 - 8*z + 29. Let x be g(9). Suppose 66 = 4*s - x. Calculate the highest common divisor of 26 and s.
26
Let t(w) = -w**3 - w**2 - w - 26. Let c be t(-4). What is the highest common divisor of c and 494?
26
Suppose 0 = 3*d - k - 2479, -10*d = -14*d - 5*k + 3337. What is the greatest common factor of 24 and d?
12
Suppose -31 = -4*q - 3*p + 13, 5*q - 2*p - 55 = 0. Suppose -24 + q = -i - 2*t, 5*i - t = 76. What is the greatest common divisor of 5 and i?
5
Suppose 4*n = 3*m - 334, 3*m = 2*m + 3*n + 108. Calculate the greatest common divisor of m and 285.
57
Suppose 0 = -5*o + 23*o - 252. Calculate the greatest common factor of 8 and o.
2
Let u = -32 + 32. Suppose u = 44*z - 50*z + 240. What is the highest common divisor of z and 70?
10
Suppose 94*a - 101*a = -420. What is the highest common divisor of a and 40?
20
Let z = 598 - 535. Calculate the greatest common factor of 18 and z.
9
Let t = 363 - 355. Calculate the highest common divisor of t and 40.
8
Suppose -3*m = a - 2, 4*a + 3*m - 5 = 3. Let p be (-12)/a*3/(-9). Calculate the greatest common factor of 14 and p.
2
Let a be 6/(-4)*120/4. Let b = a + 77. Let t(v) = -53*v + 27. Let c be t(-1). What is the greatest common factor of c and b?
16
Let y be 3/3 - (34 + 12/4). Let f = -30 - y. What is the greatest common factor of f and 30?
6
Let v = 24 - -15. Let r(w) = -w**3 - 5*w**2 - 2*w - 3. Let c be r(-5). Let k = v - c. Calculate the greatest common divisor of k and 4.
4
Suppose -2*d - 5*y = -2*y - 204, -y = 3*d - 292. Let k = 123 - d. Calculate the highest common divisor of k and 135.
27
Let b be (-1)/1*(-4)/2. Suppose -3*s + 12 = 24. Let l be (40/15)/(s/(-6)). Calculate the highest common factor of b and l.
2
Let k = 704 - -169. What is the greatest common divisor of 97 and k?
97
Let a(n) = 11*n**2 + 10*n - 30. Let r be a(-10). Calculate the highest common factor of 10 and r.
10
Suppose 0 = 5*i - 7*i + 88. Let m be 4/(-30) - (-104)/(-120). Let o be -7 - -4 - 7*m. Calculate the greatest common factor of i and o.
4
Let l(k) = 14*k**2 - 1. Let y be l(-1). Let a be 3/(-6) + (-82)/(-4). Suppose 4*g - 72 = -a. What is the highest common factor of y and g?
13
Suppose -3528 = -40*c - 58*c. Suppose 3*t - 3*q = -t + 45, t + 4*q = -3. Calculate the greatest common divisor of t and c.
9
Suppose 18*q = 16*q + 8. Suppose q*u + n - 21 = 0, 14 - 46 = -3*u - 4*n. What is the highest common factor of u and 32?
4
Let n(o) = 3*o**2 + 14*o - 13. Let j be n(-6). What is the greatest common factor of 319 and j?
11
Let p = -425 + -93. Let t be (3/(-5))/(p/(-175) - 3). Suppose -3*n + x = -314, 0*x - x = n - 106. Calculate the highest common factor of t and n.
15
Let k be 6/(-12) + (-2)/(-4). Suppose k = -3*d - 5 - 4. Let x be d/12 - 922/(-8). What is the highest common divisor of x and 46?
23
Let a be (-69)/(-115)*-22*(-10)/12. Calculate the greatest common factor of a and 33.
11
Suppose 4*j + j = 400. Suppose j = 2*h + 2*h. Suppose 7*d = 98 + 112. Calculate the greatest common divisor of d and h.
10
Suppose 44*y - 40*y = 12, 3*t + 3*y - 11463 = 0. What is the highest common factor of t and 46?
46
Let j = 225 + -137. Let d(m) = -111*m + 1. Let c be d(1). Let q be (2 + (-15)/6)/(5/c). What is the greatest common divisor of q and j?
11
Suppose -3*d + 39 = 12. Let z = 714 - 597. Calculate the highest common factor of z and d.
9
Let n be (-1300)/(-36) - (0 - (-2)/18). Let d = 347 + -59. Calculate the greatest common divisor of d and n.
36
Suppose -455*r + 4620 = -448*r. What is the highest common factor of r and 12?
12
Suppose -2*f - 2*f = -328. Let l = f - 56. Let h = 74 + l. What is the greatest common factor of h and 20?
20
Suppose 2*m - 5*b = 29, 5*b = 4*m - m - 36. Let a be (2 - 13/2)/(6/(-8)). Suppose -5*i + a*i = 28. What is the greatest common divisor of i and m?
7
Let b = 88 - 58. Let m = b + -27. Suppose -m*d + 4 = 2*c, 5*c = -9*d + 4*d + 20. Calculate the highest common divisor of 12 and c.
4
Let y = 4 - 9. Let m be (2 + -1)/(y/(-50)). Suppose -l = -44 + 4. Calculate the greatest common factor of m and l.
10
Let g = -258 - -259. Calculate the highest common divisor of 13 and g.
1
Let f = -1373 + 1971. What is the highest common divisor of f and 46?
46
Suppose -34 = -3*a - 0*a + 5*w, 2*w - 28 = -4*a. Let v = 98 + a. Suppose 2*j - 4*p - 50 = v, 174 = 2*j + 2*p. Calculate the highest common divisor of j and 12.
12
Let y = -60 + 79. Suppose 2*f - 346 = s, f - 25 = s + 150. Calculate the highest common divisor of f and y.
19
Suppose 71 = w - 4*b, 3*w - 18*b - 248 = -13*b. What is the greatest common factor of 65 and w?
13
Let o(n) be the second derivative of 4*n**3/3 - 27*n**2/2 + 17*n. Let j be o(18). Suppose 3*s - 8*s = -65. Calculate the greatest common divisor of s and j.
13
Suppose 10*q - 11*q = -8. Let y = q + -8. Suppose 0 = -p + 4*s + 48, -s = -y*p - p + 39. Calculate the greatest common divisor of p and 54.
18
Let c = 99 + -93. Let m(k) = -k**2 + k - 3. Let z be m(0). Let j = c - z. What is the greatest common factor of 3 and j?
3
Suppose 151*x - 792 = 143*x. Let t(o) = o**3 - 5*o**2 - 4*o - 3. Let d be t(6). What is the greatest common factor of x and d?
9
Suppose -z = -0*z + c - 32, -4*z = -2*c - 134. Calculate the greatest common factor of z and 165.
33
Let g be 69 + (-2)/6*-3*1. Calculate the highest common factor of 210 and g.
70
Suppose -p + 4*f = 10, -4*p + 3*f - 5 = -17. Calculate the highest common factor of p and 15.
3
Let q be ((-630)/(-36))/((-1)/(-2)). Suppose -8*o + 1540 = -4*o. What is the highest common divisor of q and o?
35
Suppose l = -3*q + 345, 4*q - l - l = 460. What is the highest common divisor of 391 and q?
23
Let z be (-48 + 0)/(250/(-375)). What is the greatest common divisor of z and 24?
24
Let o(x) = 2*x. Let k be o(0). Let a be 1/(3 + (-2 - k)). Let b be -1 + a - 4 - -10. What is the highest common factor of 3 and b?
3
Suppose -4*h + 5*h = 5*s + 8, 0 = -3*s + 15. What is the greatest common factor of 352 and h?
11
Suppose 0 = -5*y + 11*y - 1104. Calculate the highest common divisor of y and 69.
23
Suppose 16*j + 27*j - 36421 = 0. What is the greatest common divisor of j and 7?
7
Suppose 0 = -8*z + 105 - 25. Calculate the greatest common divisor of z and 150.
10
Suppose 29*z = 28*z + 18. Calculate the greatest common factor of 342 and z.
18
Suppose -5*n + p = -665, -4*n + 3*p + 522 = -21. What is the greatest common factor of 12 and n?
12
Suppose -5*x - 4*c = -7075, 4*x - 5659 = 4*c - 7*c. Calculate the greatest common factor of x and 17.
17
Let u(t